{"id":708,"date":"2026-03-29T17:19:48","date_gmt":"2026-03-29T15:19:48","guid":{"rendered":"https:\/\/divergenzia.com\/?page_id=708"},"modified":"2026-04-19T10:41:51","modified_gmt":"2026-04-19T08:41:51","slug":"mas-informacion","status":"publish","type":"page","link":"https:\/\/divergenzia.com\/?page_id=708","title":{"rendered":"Servicios"},"content":{"rendered":"\t\t<div data-elementor-type=\"wp-page\" data-elementor-id=\"708\" class=\"elementor elementor-708\" data-elementor-post-type=\"page\">\n\t\t\t\t<div class=\"elementor-element elementor-element-46bf27b e-flex e-con-boxed e-con e-parent\" data-id=\"46bf27b\" data-element_type=\"container\" data-e-type=\"container\" data-settings=\"{&quot;background_background&quot;:&quot;classic&quot;}\">\n\t\t\t\t\t<div class=\"e-con-inner\">\n\t\t<div class=\"elementor-element elementor-element-57b29ad2 e-con-full e-flex e-con e-child\" data-id=\"57b29ad2\" data-element_type=\"container\" data-e-type=\"container\">\n\t\t\t\t<div class=\"elementor-element elementor-element-7069aa7d elementor-icon-list--layout-inline elementor-align-center elementor-list-item-link-full_width elementor-widget elementor-widget-icon-list\" data-id=\"7069aa7d\" data-element_type=\"widget\" data-e-type=\"widget\" data-widget_type=\"icon-list.default\">\n\t\t\t\t\t\t\t<ul class=\"elementor-icon-list-items elementor-inline-items\">\n\t\t\t\t\t\t\t<li class=\"elementor-icon-list-item elementor-inline-item\">\n\t\t\t\t\t\t\t\t\t\t\t<a href=\"https:\/\/divergenzia.com\/\">\n\n\t\t\t\t\t\t\t\t\t\t\t<span class=\"elementor-icon-list-text\">Inicio<\/span>\n\t\t\t\t\t\t\t\t\t\t\t<\/a>\n\t\t\t\t\t\t\t\t\t<\/li>\n\t\t\t\t\t\t\t\t<li class=\"elementor-icon-list-item elementor-inline-item\">\n\t\t\t\t\t\t\t\t\t\t\t<span class=\"elementor-icon-list-icon\">\n\t\t\t\t\t\t\t<i aria-hidden=\"true\" class=\"icon icon-plus\"><\/i>\t\t\t\t\t\t<\/span>\n\t\t\t\t\t\t\t\t\t\t<span class=\"elementor-icon-list-text\">M\u00e1s informaci\u00f3n<\/span>\n\t\t\t\t\t\t\t\t\t<\/li>\n\t\t\t\t\t\t<\/ul>\n\t\t\t\t\t\t<\/div>\n\t\t\t\t<\/div>\n\t\t\t\t<div class=\"elementor-element elementor-element-4643130d elementor-widget-divider--view-line elementor-widget elementor-widget-divider\" data-id=\"4643130d\" data-element_type=\"widget\" data-e-type=\"widget\" data-widget_type=\"divider.default\">\n\t\t\t\t\t\t\t<div class=\"elementor-divider\">\n\t\t\t<span class=\"elementor-divider-separator\">\n\t\t\t\t\t\t<\/span>\n\t\t<\/div>\n\t\t\t\t\t\t<\/div>\n\t\t\t\t\t<\/div>\n\t\t\t\t<\/div>\n\t\t<div class=\"elementor-element elementor-element-c3722ca e-flex e-con-boxed e-con e-parent\" data-id=\"c3722ca\" data-element_type=\"container\" data-e-type=\"container\" data-settings=\"{&quot;background_background&quot;:&quot;classic&quot;}\">\n\t\t\t\t\t<div class=\"e-con-inner\">\n\t\t<div class=\"elementor-element elementor-element-1fee8218 e-con-full e-flex elementor-invisible e-con e-child\" data-id=\"1fee8218\" data-element_type=\"container\" data-e-type=\"container\" data-settings=\"{&quot;animation&quot;:&quot;fadeInLeft&quot;}\">\n\t\t\t\t<div class=\"elementor-element elementor-element-76fadda4 elementor-widget elementor-widget-image\" data-id=\"76fadda4\" data-element_type=\"widget\" data-e-type=\"widget\" data-widget_type=\"image.default\">\n\t\t\t\t\t\t\t\t\t\t\t\t\t\t\t<img fetchpriority=\"high\" decoding=\"async\" width=\"1920\" height=\"1280\" src=\"https:\/\/divergenzia.com\/wp-content\/uploads\/2026\/03\/img-13-1.webp\" class=\"attachment-full size-full wp-image-52\" alt=\"\" srcset=\"https:\/\/divergenzia.com\/wp-content\/uploads\/2026\/03\/img-13-1.webp 1920w, https:\/\/divergenzia.com\/wp-content\/uploads\/2026\/03\/img-13-1-300x200.webp 300w, https:\/\/divergenzia.com\/wp-content\/uploads\/2026\/03\/img-13-1-1024x683.webp 1024w, https:\/\/divergenzia.com\/wp-content\/uploads\/2026\/03\/img-13-1-768x512.webp 768w, https:\/\/divergenzia.com\/wp-content\/uploads\/2026\/03\/img-13-1-1536x1024.webp 1536w\" sizes=\"(max-width: 1920px) 100vw, 1920px\" \/>\t\t\t\t\t\t\t\t\t\t\t\t\t\t\t<\/div>\n\t\t\t\t<div class=\"elementor-element elementor-element-27c9bac8 elementor-widget elementor-widget-text-editor\" data-id=\"27c9bac8\" data-element_type=\"widget\" data-e-type=\"widget\" data-widget_type=\"text-editor.default\">\n\t\t\t\t\t\t\t\t\t<p data-start=\"480\" data-end=\"712\"><strong>El proceso se centra en ofrecer un espacio profesional, confidencial y adaptado a cada persona, donde trabajar de forma estructurada sobre las dificultades actuales, as\u00ed como en la adquisici\u00f3n de recursos aplicables en el d\u00eda a d\u00eda.<\/strong><\/p><p data-start=\"714\" data-end=\"790\">Las sesiones tienen un enfoque pr\u00e1ctico y orientado a objetivos, incluyendo:<\/p><ul data-start=\"791\" data-end=\"1021\"><li data-section-id=\"1nmtebc\" data-start=\"791\" data-end=\"841\">comprensi\u00f3n de la situaci\u00f3n personal y laboral<\/li><li data-section-id=\"1i6xc9v\" data-start=\"842\" data-end=\"911\">identificaci\u00f3n de factores de estr\u00e9s y patrones de funcionamiento<\/li><li data-section-id=\"16z89n\" data-start=\"912\" data-end=\"966\">aprendizaje de estrategias de regulaci\u00f3n emocional<\/li><li data-section-id=\"1s98w00\" data-start=\"967\" data-end=\"1021\">desarrollo de h\u00e1bitos y herramientas de prevenci\u00f3n<\/li><\/ul><p>\u00a0<\/p><p>Adem\u00e1s, prestamos especial atenci\u00f3n a la\u00a0<strong>dimensi\u00f3n psicocorporal del estr\u00e9s<\/strong>, ya que las tensiones emocionales y mentales se expresan con frecuencia a trav\u00e9s del cuerpo.\u00a0<\/p><p data-start=\"1023\" data-end=\"1227\">Este servicio <strong data-start=\"1037\" data-end=\"1108\">no sustituye a un tratamiento psicol\u00f3gico cl\u00ednico de larga duraci\u00f3n<\/strong>, sino que se enfoca en la mejora del bienestar, la prevenci\u00f3n del burnout y el fortalecimiento de recursos personales.<\/p><p data-start=\"1229\" data-end=\"1371\">En caso de detectarse la necesidad de una intervenci\u00f3n m\u00e1s especializada, se orientar\u00e1 adecuadamente al profesional o recurso correspondiente.<\/p>\t\t\t\t\t\t\t\t<\/div>\n\t\t\t\t<div class=\"elementor-element elementor-element-7c290266 elementor-widget elementor-widget-heading\" data-id=\"7c290266\" data-element_type=\"widget\" data-e-type=\"widget\" data-widget_type=\"heading.default\">\n\t\t\t\t\t<h2 class=\"elementor-heading-title elementor-size-default\">Enfoque y elementos diferenciadores<\/h2>\t\t\t\t<\/div>\n\t\t\t\t<div class=\"elementor-element elementor-element-3f42336d elementor-widget elementor-widget-text-editor\" data-id=\"3f42336d\" data-element_type=\"widget\" data-e-type=\"widget\" data-widget_type=\"text-editor.default\">\n\t\t\t\t\t\t\t\t\t<p>Nuestro enfoque pone un \u00e9nfasis especial en el <strong>entrenamiento en mindfulness, el desarrollo de habilidades de afrontamiento y la promoci\u00f3n de h\u00e1bitos saludables<\/strong>\u00a0como base para recuperar bienestar y prevenir el desgaste emocional.<\/p><p>Trabajamos desde un\u00a0<strong>enfoque psicol\u00f3gico basado en la evidencia<\/strong>, ayudando a las personas a comprender c\u00f3mo funciona el estr\u00e9s en su vida, identificar sus principales fuentes de presi\u00f3n y desarrollar recursos psicol\u00f3gicos que les permitan responder de forma m\u00e1s consciente y adaptativa ante las dificultades. La pr\u00e1ctica de\u00a0<strong>mindfulness o atenci\u00f3n plena<\/strong>\u00a0permite mejorar la regulaci\u00f3n emocional, aumentar la claridad mental y cultivar una relaci\u00f3n m\u00e1s equilibrada con pensamientos, emociones y exigencias externas.<\/p><ul><li><strong>Mindfullness<\/strong><\/li><\/ul><p>A trav\u00e9s de la pr\u00e1ctica regular, el\u00a0<strong>mindfulness<\/strong> ayuda a desarrollar mayor claridad mental, regulaci\u00f3n emocional y una relaci\u00f3n m\u00e1s consciente con la experiencia diaria.<\/p><ul><li><strong>Habilidades de afrontamiento<\/strong><\/li><\/ul><p>El programa promueve el desarrollo de\u00a0<strong>estrategias cognitivas y conductuales<\/strong>\u00a0para manejar situaciones estresantes de forma m\u00e1s adaptativa, ayudando a interpretar y responder a las demandas del entorno de manera m\u00e1s eficaz.<\/p><ul><li><strong>Promoci\u00f3n de factores protectores y h\u00e1bitos saludables<\/strong><\/li><\/ul><p>La intervenci\u00f3n incluye el fortalecimiento de variables como el\u00a0<strong>control percibido, el apoyo social y los h\u00e1bitos de vida saludables<\/strong>, que act\u00faan como moduladores de la respuesta al estr\u00e9s y contribuyen al equilibrio f\u00edsico y psicol\u00f3gico.<\/p>\t\t\t\t\t\t\t\t<\/div>\n\t\t\t\t<div class=\"elementor-element elementor-element-221de9e7 elementor-widget elementor-widget-heading\" data-id=\"221de9e7\" data-element_type=\"widget\" data-e-type=\"widget\" data-widget_type=\"heading.default\">\n\t\t\t\t\t<h2 class=\"elementor-heading-title elementor-size-default\">Programas     \"in company\"<\/h2>\t\t\t\t<\/div>\n\t\t\t\t<div class=\"elementor-element elementor-element-7400f4bb elementor-widget elementor-widget-text-editor\" data-id=\"7400f4bb\" data-element_type=\"widget\" data-e-type=\"widget\" data-widget_type=\"text-editor.default\">\n\t\t\t\t\t\t\t\t\t<p>\u201cLos programas est\u00e1n dise\u00f1ados para entornos profesionales con alta exigencia y carga mental, adapt\u00e1ndose a las din\u00e1micas reales del trabajo actual. Se tiene en cuenta la presi\u00f3n por resultados, la toma constante de decisiones, la gesti\u00f3n de la incertidumbre y los ritmos intensos, ofreciendo herramientas pr\u00e1cticas y aplicables que encajan con el d\u00eda a d\u00eda de los profesionales.<\/p><p>A diferencia de otros programas, ofrecemos <strong data-start=\"1394\" data-end=\"1428\">acceso directo a profesionales<\/strong> con condiciones preferentes, permitiendo al empleado recibir apoyo personalizado cuando lo necesita<\/p>\t\t\t\t\t\t\t\t<\/div>\n\t\t\t\t<div class=\"elementor-element elementor-element-658b448b elementor-icon-list--layout-traditional elementor-list-item-link-full_width elementor-widget elementor-widget-icon-list\" data-id=\"658b448b\" data-element_type=\"widget\" data-e-type=\"widget\" data-widget_type=\"icon-list.default\">\n\t\t\t\t\t\t\t<ul class=\"elementor-icon-list-items\">\n\t\t\t\t\t\t\t<li class=\"elementor-icon-list-item\">\n\t\t\t\t\t\t\t\t\t\t\t<span class=\"elementor-icon-list-icon\">\n\t\t\t\t\t\t\t<i aria-hidden=\"true\" class=\"icon icon-checkmark-circle\"><\/i>\t\t\t\t\t\t<\/span>\n\t\t\t\t\t\t\t\t\t\t<span class=\"elementor-icon-list-text\">Consultor\u00eda<\/span>\n\t\t\t\t\t\t\t\t\t<\/li>\n\t\t\t\t\t\t\t\t<li class=\"elementor-icon-list-item\">\n\t\t\t\t\t\t\t\t\t\t\t<span class=\"elementor-icon-list-icon\">\n\t\t\t\t\t\t\t<i aria-hidden=\"true\" class=\"icon icon-checkmark-circle\"><\/i>\t\t\t\t\t\t<\/span>\n\t\t\t\t\t\t\t\t\t\t<span class=\"elementor-icon-list-text\">Tecnolog\u00eda<\/span>\n\t\t\t\t\t\t\t\t\t<\/li>\n\t\t\t\t\t\t\t\t<li class=\"elementor-icon-list-item\">\n\t\t\t\t\t\t\t\t\t\t\t<span class=\"elementor-icon-list-icon\">\n\t\t\t\t\t\t\t<i aria-hidden=\"true\" class=\"icon icon-checkmark-circle\"><\/i>\t\t\t\t\t\t<\/span>\n\t\t\t\t\t\t\t\t\t\t<span class=\"elementor-icon-list-text\">Sector financiero y banca<\/span>\n\t\t\t\t\t\t\t\t\t<\/li>\n\t\t\t\t\t\t\t\t<li class=\"elementor-icon-list-item\">\n\t\t\t\t\t\t\t\t\t\t\t<span class=\"elementor-icon-list-icon\">\n\t\t\t\t\t\t\t<i aria-hidden=\"true\" class=\"icon icon-checkmark-circle\"><\/i>\t\t\t\t\t\t<\/span>\n\t\t\t\t\t\t\t\t\t\t<span class=\"elementor-icon-list-text\">Legal<\/span>\n\t\t\t\t\t\t\t\t\t<\/li>\n\t\t\t\t\t\t\t\t<li class=\"elementor-icon-list-item\">\n\t\t\t\t\t\t\t\t\t\t\t<span class=\"elementor-icon-list-icon\">\n\t\t\t\t\t\t\t<i aria-hidden=\"true\" class=\"icon icon-checkmark-circle\"><\/i>\t\t\t\t\t\t<\/span>\n\t\t\t\t\t\t\t\t\t\t<span class=\"elementor-icon-list-text\">Ingenier\u00eda<\/span>\n\t\t\t\t\t\t\t\t\t<\/li>\n\t\t\t\t\t\t<\/ul>\n\t\t\t\t\t\t<\/div>\n\t\t\t\t<div class=\"elementor-element elementor-element-de29dc9 elementor-widget elementor-widget-heading\" data-id=\"de29dc9\" data-element_type=\"widget\" data-e-type=\"widget\" data-widget_type=\"heading.default\">\n\t\t\t\t\t<h2 class=\"elementor-heading-title elementor-size-default\">Programas bonificables a trav\u00e9s de FUNDAE<\/h2>\t\t\t\t<\/div>\n\t\t\t\t<div class=\"elementor-element elementor-element-6ee5857c elementor-widget elementor-widget-text-editor\" data-id=\"6ee5857c\" data-element_type=\"widget\" data-e-type=\"widget\" data-widget_type=\"text-editor.default\">\n\t\t\t\t\t\t\t\t\t<p>Los programas formativos son susceptibles de bonificaci\u00f3n a trav\u00e9s de FUNDAE, seg\u00fan los requisitos establecidos por la normativa aplicable.<\/p>\t\t\t\t\t\t\t\t<\/div>\n\t\t\t\t<\/div>\n\t\t<div class=\"elementor-element elementor-element-c0a076e e-con-full e-flex e-con e-child\" data-id=\"c0a076e\" data-element_type=\"container\" data-e-type=\"container\">\n\t\t<div class=\"elementor-element elementor-element-4394fe48 e-con-full e-flex elementor-invisible e-con e-child\" data-id=\"4394fe48\" data-element_type=\"container\" data-e-type=\"container\" data-settings=\"{&quot;animation&quot;:&quot;fadeInRight&quot;}\">\n\t\t\t\t<div class=\"elementor-element elementor-element-1aa1813b elementor-widget elementor-widget-heading\" data-id=\"1aa1813b\" data-element_type=\"widget\" data-e-type=\"widget\" data-widget_type=\"heading.default\">\n\t\t\t\t\t<h2 class=\"elementor-heading-title elementor-size-default\">Nuestros servicios<\/h2>\t\t\t\t<\/div>\n\t\t\t\t<div class=\"elementor-element elementor-element-3abef874 elementor-icon-list--layout-traditional elementor-list-item-link-full_width elementor-widget elementor-widget-icon-list\" data-id=\"3abef874\" data-element_type=\"widget\" data-e-type=\"widget\" data-widget_type=\"icon-list.default\">\n\t\t\t\t\t\t\t<ul class=\"elementor-icon-list-items\">\n\t\t\t\t\t\t\t<li class=\"elementor-icon-list-item\">\n\t\t\t\t\t\t\t\t\t\t\t<span class=\"elementor-icon-list-icon\">\n\t\t\t\t\t\t\t<svg aria-hidden=\"true\" class=\"e-font-icon-svg e-fas-dot-circle\" viewBox=\"0 0 512 512\" xmlns=\"http:\/\/www.w3.org\/2000\/svg\"><path d=\"M256 8C119.033 8 8 119.033 8 256s111.033 248 248 248 248-111.033 248-248S392.967 8 256 8zm80 248c0 44.112-35.888 80-80 80s-80-35.888-80-80 35.888-80 80-80 80 35.888 80 80z\"><\/path><\/svg>\t\t\t\t\t\t<\/span>\n\t\t\t\t\t\t\t\t\t\t<span class=\"elementor-icon-list-text\">Programa Individual<\/span>\n\t\t\t\t\t\t\t\t\t<\/li>\n\t\t\t\t\t\t\t\t<li class=\"elementor-icon-list-item\">\n\t\t\t\t\t\t\t\t\t\t\t<span class=\"elementor-icon-list-icon\">\n\t\t\t\t\t\t\t<svg aria-hidden=\"true\" class=\"e-font-icon-svg e-fas-dot-circle\" viewBox=\"0 0 512 512\" xmlns=\"http:\/\/www.w3.org\/2000\/svg\"><path d=\"M256 8C119.033 8 8 119.033 8 256s111.033 248 248 248 248-111.033 248-248S392.967 8 256 8zm80 248c0 44.112-35.888 80-80 80s-80-35.888-80-80 35.888-80 80-80 80 35.888 80 80z\"><\/path><\/svg>\t\t\t\t\t\t<\/span>\n\t\t\t\t\t\t\t\t\t\t<span class=\"elementor-icon-list-text\">Programa Executive<\/span>\n\t\t\t\t\t\t\t\t\t<\/li>\n\t\t\t\t\t\t\t\t<li class=\"elementor-icon-list-item\">\n\t\t\t\t\t\t\t\t\t\t\t<span class=\"elementor-icon-list-icon\">\n\t\t\t\t\t\t\t<svg aria-hidden=\"true\" class=\"e-font-icon-svg e-fas-dot-circle\" viewBox=\"0 0 512 512\" xmlns=\"http:\/\/www.w3.org\/2000\/svg\"><path d=\"M256 8C119.033 8 8 119.033 8 256s111.033 248 248 248 248-111.033 248-248S392.967 8 256 8zm80 248c0 44.112-35.888 80-80 80s-80-35.888-80-80 35.888-80 80-80 80 35.888 80 80z\"><\/path><\/svg>\t\t\t\t\t\t<\/span>\n\t\t\t\t\t\t\t\t\t\t<span class=\"elementor-icon-list-text\">Programa Grupos<\/span>\n\t\t\t\t\t\t\t\t\t<\/li>\n\t\t\t\t\t\t\t\t<li class=\"elementor-icon-list-item\">\n\t\t\t\t\t\t\t\t\t\t\t<span class=\"elementor-icon-list-icon\">\n\t\t\t\t\t\t\t<svg aria-hidden=\"true\" class=\"e-font-icon-svg e-fas-dot-circle\" viewBox=\"0 0 512 512\" xmlns=\"http:\/\/www.w3.org\/2000\/svg\"><path d=\"M256 8C119.033 8 8 119.033 8 256s111.033 248 248 248 248-111.033 248-248S392.967 8 256 8zm80 248c0 44.112-35.888 80-80 80s-80-35.888-80-80 35.888-80 80-80 80 35.888 80 80z\"><\/path><\/svg>\t\t\t\t\t\t<\/span>\n\t\t\t\t\t\t\t\t\t\t<span class=\"elementor-icon-list-text\">Programas \"in company\"<\/span>\n\t\t\t\t\t\t\t\t\t<\/li>\n\t\t\t\t\t\t<\/ul>\n\t\t\t\t\t\t<\/div>\n\t\t\t\t<\/div>\n\t\t<div class=\"elementor-element elementor-element-3b071b2f e-con-full e-flex elementor-invisible e-con e-child\" data-id=\"3b071b2f\" data-element_type=\"container\" data-e-type=\"container\" data-settings=\"{&quot;background_background&quot;:&quot;classic&quot;,&quot;animation&quot;:&quot;fadeInUp&quot;}\">\n\t\t\t\t<div class=\"elementor-element elementor-element-74ef6d53 elementor-widget elementor-widget-heading\" data-id=\"74ef6d53\" data-element_type=\"widget\" data-e-type=\"widget\" data-widget_type=\"heading.default\">\n\t\t\t\t\t<h2 class=\"elementor-heading-title elementor-size-default\">\u00bfAlguna pregunta? \u00a1Escr\u00edbenos!<\/h2>\t\t\t\t<\/div>\n\t\t\t\t<\/div>\n\t\t\t\t<\/div>\n\t\t\t\t\t<\/div>\n\t\t\t\t<\/div>\n\t\t\t\t<\/div>\n\t\t","protected":false},"excerpt":{"rendered":"<p>Inicio M\u00e1s informaci\u00f3n El proceso se centra en ofrecer un espacio profesional, confidencial y adaptado a cada persona, donde trabajar de forma estructurada sobre las dificultades actuales, as\u00ed como en la adquisici\u00f3n de recursos aplicables en el d\u00eda a d\u00eda. Las sesiones tienen un enfoque pr\u00e1ctico y orientado a objetivos, incluyendo: comprensi\u00f3n de la situaci\u00f3n [&hellip;]<\/p>\n","protected":false},"author":1,"featured_media":0,"parent":0,"menu_order":0,"comment_status":"closed","ping_status":"closed","template":"","meta":{"footnotes":""},"class_list":["post-708","page","type-page","status-publish","hentry"],"_links":{"self":[{"href":"https:\/\/divergenzia.com\/index.php?rest_route=\/wp\/v2\/pages\/708","targetHints":{"allow":["GET"]}}],"collection":[{"href":"https:\/\/divergenzia.com\/index.php?rest_route=\/wp\/v2\/pages"}],"about":[{"href":"https:\/\/divergenzia.com\/index.php?rest_route=\/wp\/v2\/types\/page"}],"author":[{"embeddable":true,"href":"https:\/\/divergenzia.com\/index.php?rest_route=\/wp\/v2\/users\/1"}],"replies":[{"embeddable":true,"href":"https:\/\/divergenzia.com\/index.php?rest_route=%2Fwp%2Fv2%2Fcomments&post=708"}],"version-history":[{"count":41,"href":"https:\/\/divergenzia.com\/index.php?rest_route=\/wp\/v2\/pages\/708\/revisions"}],"predecessor-version":[{"id":895,"href":"https:\/\/divergenzia.com\/index.php?rest_route=\/wp\/v2\/pages\/708\/revisions\/895"}],"wp:attachment":[{"href":"https:\/\/divergenzia.com\/index.php?rest_route=%2Fwp%2Fv2%2Fmedia&parent=708"}],"curies":[{"name":"wp","href":"https:\/\/api.w.org\/{rel}","templated":true}]}}